 -40861?
40806
In base 14, what is -1708d - 8?
-17097
In base 14, what is 7c1a - -5?
7c21
In base 8, what is 64026 + 2?
64030
In base 11, what is 3a + 1a76?
2005
In base 11, what is 4017 - 6a?
3a58
In base 12, what is -3588 - 45?
-3611
In base 2, what is 10 - -111111101100000?
111111101100010
In base 2, what is -1011000011 - -100110?
-1010011101
In base 7, what is -52 - 14431?
-14513
In base 13, what is -340 + -33?
-373
In base 2, what is 10010001111000000111 - -100?
10010001111000001011
In base 4, what is -33211 + -20001?
-113212
In base 8, what is -11331 + 41?
-11270
In base 4, what is 0 + 1012022?
1012022
In base 3, what is 12102121 + -1022?
12101022
In base 14, what is -4 - 7c63c?
-7c642
In base 5, what is 113 - 300?
-132
In base 7, what is 150 + -215?
-35
In base 2, what is 11001110100 + 1011001?
11011001101
In base 10, what is -957 + -85?
-1042
In base 11, what is 10865 - -15?
1087a
In base 4, what is 20003 + 131333?
212002
In base 7, what is 161156 + -25?
161131
In base 9, what is -2 - -277148?
277146
In base 16, what is -46a - 5b?
-4c5
In base 13, what is c89 - 5?
c84
In base 15, what is 1202 + -e?
11e3
In base 2, what is -110000001 - 1011001010?
-10001001011
In base 4, what is -101300302 - 202?
-101301110
In base 14, what is -18ad4 + -32?
-18b26
In base 15, what is a85ed - -2?
a8600
In base 2, what is -111111101001 - 10110010?
-1000010011011
In base 3, what is 2000221010220 + -1?
2000221010212
In base 9, what is 0 - -37712?
37712
In base 6, what is -1131204 + -11?
-1131215
In base 3, what is 1001201 + 201?
1002102
In base 5, what is 114412 + -401?
114011
In base 13, what is -1a - -28893?
28876
In base 13, what is 1 + 142a9?
142aa
In base 4, what is 2201001 + 1212?
2202213
In base 12, what is 134 + 320?
454
In base 14, what is -19d1 - 8d?
-1a80
In base 9, what is 2012 - -1505?
3517
In base 2, what is 10 - 1100011100001101?
-1100011100001011
In base 14, what is -3 - 2171?
-2174
In base 7, what is 326665 + 111?
330106
In base 14, what is -3 + 1221d?
1221a
In base 16, what is 0 - -1dc05?
1dc05
In base 4, what is -21110303 - -1?
-21110302
In base 12, what is 0 - -15772?
15772
In base 3, what is 10010101 - -1000?
10011101
In base 15, what is -24ccc + 1?
-24ccb
In base 13, what is bb76 - -5?
bb7b
In base 7, what is 4 + -221000?
-220663
In base 12, what is -31 + -2180?
-21b1
In base 6, what is -1 - 25002?
-25003
In base 16, what is -8 + -6?
-e
In base 3, what is -1120100122 + 12?
-1120100110
In base 5, what is 233 + 212234?
213022
In base 10, what is 66 + 191?
257
In base 16, what is -7 + -27df9?
-27e00
In base 2, what is -11000111 - -110000001110?
101101000111
In base 9, what is 1581 + 34?
1625
In base 12, what is 124a + -5a?
11b0
In base 9, what is 454 + -38?
415
In base 13, what is -92c35 + 0?
-92c35
In base 11, what is 24 + 7a70?
7a94
In base 10, what is 15253 + -19?
15234
In base 14, what is -13 - 7d?
-92
In base 13, what is 4529 + -1b?
450b
In base 5, what is -101 + -11034?
-11140
In base 12, what is 120 - -45?
165
In base 5, what is 1144030 + -1?
1144024
In base 15, what is -5 + -a87?
-a8c
In base 12, what is 384 - 56?
32a
In base 15, what is -3 - -25ad5?
25ad2
In base 15, what is 8683 + 1?
8684
In base 10, what is -164 + 608?
444
In base 12, what is 2 + -274bb?
-274b9
In base 5, what is -400043 - -33?
-400010
In base 6, what is -5 - 115442?
-115451
In base 9, what is 226341 - 3?
226337
In base 4, what is -22221 + 13?
-22202
In base 8, what is -2 + -67264?
-67266
In base 12, what is 6a09 + 101?
6b0a
In base 12, what is -2a167 - -65?
-2a102
In base 8, what is -4 + 7365?
7361
In base 11, what is -2973 + 5?
-2969
In base 14, what is b3d + 1?
b40
In base 12, what is 0 + 5aa9?
5aa9
In base 14, what is -3 + -a0a7?
-a0aa
In base 12, what is -880103 - -3?
-880100
In base 9, what is -44142 - 4?
-44146
In base 13, what is -34 + -327?
-35b
In base 12, what is -23b16 + -9?
-23b23
In base 8, what is 5 - -450663?
450670
In base 16, what is 159d3 - -1?
159d4
In base 13, what is 4b - 276?
-228
In base 16, what is 1 - -1f9f?
1fa0
In base 9, what is 4 - 20113?
-20108
In base 6, what is 10042 - -23?
10105
In base 16, what is 12fbc + -4?
12fb8
In base 3, what is 11222 - -1200021001?
1200110000
In base 7, what is 5235 + 124?
5362
In base 5, what is -111 - 244142?
-244303
In base 5, what is 3332323 - -3?
3332331
In base 16, what is -151a - -1?
-1519
In base 16, what is -27 + -5aef?
-5b16
In base 9, what is 352314 - -12?
352326
In base 15, what is 10c7d - 0?
10c7d
In base 8, what is -1302 - 4762?
-6264
In base 15, what is -15 - -e5e?
e49
In base 4, what is 2221222 - -2?
2221230
In base 2, what is 1000000100 - -1000110110?
10000111010
In base 10, what is 42 + 47061?
47103
In base 4, what is -3 + 1130102031?
1130102022
In base 9, what is -343040 + 8?
-343031
In base 4, what is 11211 + 1122?
12333
In base 2, what is -1 - 1000001010000001000?
-1000001010000001001
In base 9, what is 3 + 21300?
21303
In base 6, what is 1542 - 1053?
445
In base 7, what is 5 - 1242432?
-1242424
In base 16, what is -d0 - -113?
43
In base 10, what is -129 - 675?
-804
In base 12, what is -2a625 - 3?
-2a628
In base 5, what is 11 + -23201?
-23140
In base 10, what is 8723 - 4?
8719
In base 15, what is 3cc - 27?
3a5
In base 2, what is -10001 - -100001101010?
100001011001
In base 4, what is 10120021132 + 3?
10120021201
In base 10, what is 22455 - -8?
22463
In base 10, what is 619 + 224?
843
In base 15, what is -27b085 + 0?
-27b085
In base 15, what is 0 - 102ce?
-102ce
In base 16, what is 4 + -6eeb?
-6ee7
In base 13, what is -11b4 + -95?
-1279
In base 2, what is 1 + -10110101100111010?
-10110101100111001
In base 5, what is -211240031 - 0?
-211240031
In base 15, what is 28 + 446?
46e
In base 12, what is 370 + 136?
4a6
In base 9, what is -1280 + -5011?
-6301
In base 4, what is 3310 - 202012?
-132102
In base 16, what is 4d46 - -2?
4d48
In base 3, what is -2121020111 - 212?
-2121021100
In base 10, what is 19 - 10674?
-10655
In base 5, what is -41332421 - 4?
-41332430
In base 12, what is -575 - -266?
-30b
In base 7, what is 0 - -5531515?
5531515
In base 13, what is 59995 - -5?
5999a
In base 14, what is -6 + 1212?
120a
In base 4, what is 333213 + 2110?
1001323
In base 10, what is -5 + -62167?
-62172
In base 11, what is 2 - -13601?
13603
In base 7, what is 61 - 3242?
-3151
In base 4, what is 11001031220 + 3?
11001031223
In base 11, what is 33aa - -9?
3408
In base 5, what is -20421 - -24?
-20342
In base 7, what is -323466 - 34?
-323533
In base 7, what is -3 - -14650636?
14650633
In base 14, what is -b05d - -3a?
-b023
In base 14, what is d + 1657?
1666
In base 2, what is -10100 - 10000000010?
-10000010110
In base 12, what is 1396 - 499?
ab9
In base 11, what is 31 + 637?
668
In base 4, what is -232333 + 212?
-232121
In base 16, what is -287d9 - 5?
-287de
In base 16, what is 1031c - 0?
1031c
In base 4, what is -3123 - -10?
-3113
In base 13, what is 1364 + 158?
14bc
In base 8, what is 41 - -3050?
3111
In base 7, what is -2122 - 115?
-2240
In base 7, what is -54361 - -24?
-54334
In base 9, what is -2500633 + 0?
-2500633
In base 11, what is -5 - 216a2?
-216a7
In base 15, what is -60d - -a?
-603
In base 8, what is 271066 - 2?
271064
In base 2, what is 101000010 + 111011001?
1100011011
In base 3, what is 12 - 20220111?
-20220022
In base 9, what is -3867 + -2?
-3870
In base 5, what is 10430212 - -3?
10430220
In base 6, what is 3532 - -4502?
12434
In base 7, what is 2620424 + 3?
2620430
In base 5, what is 0 - -220230323?
220230323
In base 11, what is -a - 597?
-5a6
In base 15, what is 24303 + -2?
24301
In base 4, what is -3002211 - -202?
-3002003
In base 16, what is 11c04d + -3?
11c04a
In base 12, what is 4 + 11b2?
11b6
In base 2, what is -1000 + -1111110010101?
-1111110011101
In base 15, what is -58d0 + 7?
-58c8
In base 15, what is -96d5 + -4?
-96d9
In base 13, what is 5 - -1ac5?
1aca
In base 5, what is 1 + 12023103?
12023104
In base 10, what is 46157 - -12?
46169
In base 12, what is 686087 + 1?
686088
In base 15, what is 362b + -1?
362a
In base 5, what is 10 + 2320113?
2320123
In base 5, what is 301240314 + -4?
301240310
In base 9, what is 1553 + -35?
1517
In base 10, what is -4 + 29830?
29826
In base 16, what is 3 - af?
-ac
In base 6, what is -4 + 13514?
13510
In base 8, what is 117 + -17475?
-17356
I